ate the remainder when 42 is divided by z.
12
Suppose -3*i + 0*i = -5*m - 5, -10 = -4*i + 5*m. Suppose -4*f = 2*o - 30, i*o - 3*f = 47 + 15. Calculate the remainder when 50 is divided by o.
11
Suppose 4*p - 4*g = 327 - 123, 5*g = -4*p + 168. Let z(k) = k**2 + 6*k. Let q = 14 - 22. Calculate the remainder when p is divided by z(q).
15
Let c = 5 - 3. Suppose c*s - 5*i - 5 = 0, -i - 32 + 82 = 3*s. Suppose -z + s = 2*z. Calculate the remainder when 14 is divided by z.
4
Suppose -407 = -4*s - 75. Suppose 65 = 5*j - 5*i, -3*i = 5*j + i - s. What is the remainder when 44 is divided by j?
14
Suppose 5*z = k - 4 + 39, 2*z = 5*k - 9. Calculate the remainder when 117 is divided by z.
5
Let g(s) = 3*s. What is the remainder when -22*(1 + (-20)/8) is divided by g(4)?
9
What is the remainder when (-187)/(-3) + ((-68)/(-12) - 5) is divided by 24?
15
Suppose -12*v + 5*v = -119. Let p(l) = 5*l**2 - 4*l + 3. Calculate the remainder when p(4) is divided by v.
16
Suppose 4*k - o = 150, -2*k - 12 = o - 90. Calculate the remainder when 149 is divided by k.
35
Suppose -5*a = 5*a - 50. Calculate the remainder when 33 is divided by a.
3
Let f = 89 + -64. Calculate the remainder when f is divided by 7.
4
Let l = 5 - -8. What is the remainder when 19 is divided by l?
6
Let p be (-6 + 3)*2/(-2). Suppose 0 = p*i - 5*z - 121, 4*i - 63 = 4*z + 109. Let f(c) = -15*c + 1. What is the remainder when i is divided by f(-1)?
15
Suppose 3*k = k + 26. Suppose -3*y + 50 = -22. Calculate the remainder when y is divided by k.
11
Let u = 149 - 143. What is the remainder when 34 is divided by u?
4
Let h(y) = y**2 - y - 31. Calculate the remainder when h(9) is divided by 12.
5
Suppose -i = -5*s + 3, 4*s - 2 = 3*i - 2*i. Let y(r) = r. Let g be y(2). Suppose 0 = b - g. What is the remainder when b is divided by s?
0
What is the remainder when 54 is divided by (21/(-12))/((-1)/8)?
12
Let x be -33*1*(3 + -7). Suppose -20 = -4*v + x. Calculate the remainder when v is divided by 13.
12
Let z(y) = y - 1. Let p be z(0). Let d = 8 + p. Calculate the remainder when 1/(-2) + 106/4 is divided by d.
5
Let p = 24 - 6. Let u be 52 + -2*1 - 0. Suppose 2*d - u = -3*d. What is the remainder when p is divided by d?
8
Let q be 0 - 1*5/1. Suppose 3*h - 51 = 5*i - 22, -4*i - 4 = 0. Let n = h + q. What is the remainder when n is divided by 2?
1
Suppose 13*z - 231 = 2*z. Calculate the remainder when ((-82)/8)/((-1)/4) is divided by z.
20
Let g = 2 - -4. Suppose 2*x + 5*q = 52, -4*q + 14 = -2. Calculate the remainder when x is divided by g.
4
Let r(x) = 5*x - 4. Calculate the remainder when 14 is divided by r(2).
2
Let i(s) = -2*s**3 + s**3 - 5*s - 2 + 3 + 7*s**2. Calculate the remainder when i(6) is divided by 4.
3
Let p(c) = -4*c - 7. Let f = 11 + -6. Let u(r) = -5*r - 6. Let j(l) = f*p(l) - 6*u(l). What is the remainder when 31 is divided by j(1)?
9
Let i = 11 + -5. Suppose 7*v - 48 = 4*v. Calculate the remainder when v is divided by i.
4
Suppose 0*r = r - 4. Suppose -2*d - 2*n - 2*n + 82 = 0, r*d - 159 = -3*n. What is the remainder when d is divided by 10?
9
Suppose v = -v. Let y = v - -3. Suppose -z - 5*r = 11, -y*r - 14 = 3*z - 41. What is the remainder when 40 is divided by z?
12
Let s(j) = 2*j**2 + 3*j + 23. What is the remainder when s(-5) is divided by 6?
4
Suppose 19 = -3*l + 3*h + 4, -5*l = 2*h - 10. Let j(v) = v**2 - v + 23. What is the remainder when 45 is divided by j(l)?
22
Let u = 19 + 6. Let t(f) = -9*f + 7. Let n be t(-6). Suppose -n = -p - 3*p - 5*a, 0 = 4*p - 5*a - 11. Calculate the remainder when u is divided by p.
7
What is the remainder when 69 is divided by (-1)/(-3) - 2/6 - -36?
33
Suppose 0 = 7*a + 6 - 125. Calculate the remainder when 47 is divided by a.
13
Suppose 88 = -3*y + 7*y. Suppose -z + y = z. What is the remainder when z is divided by 4?
3
Let f = -8 + 14. Suppose 4*g + f = -z, -3*g + 30 = 5*z - 25. What is the remainder when 40 is divided by z?
12
Let j = -154 - -322. What is the remainder when j is divided by 43?
39
Suppose 3*x + 203 = 10*x. Calculate the remainder when 36 is divided by x.
7
Suppose 3*v - 15 = 0, 5*v = -2*x + v + 44. What is the remainder when 44 is divided by x?
8
Suppose -3*j = -5 - 7. Suppose 5*f + o - 68 = 0, -f + o + 36 = 2*f. Suppose -j*h + n + f = -h, 0 = h - n - 3. Calculate the remainder when 9 is divided by h.
4
Let x(y) = -y**2 + 10*y - 13. Suppose 0 = h - 0*h. Suppose -b + h*b + 3*o + 14 = 0, o + 26 = 3*b. What is the remainder when b is divided by x(8)?
2
Suppose -10 = 5*b - 35. Let f = -972 + 980. What is the remainder when f is divided by b?
3
Let n = -8 - -5. What is the remainder when (19/n)/((-7)/42) is divided by 13?
12
Let y = 241 + -182. Calculate the remainder when y is divided by 16.
11
Let v(g) = -5*g + 18. Calculate the remainder when v(-6) is divided by 7.
6
Let j(w) = w**3 - 3*w**2 + 6*w. Calculate the remainder when 117 is divided by j(4).
37
Let k = 190 + -75. Calculate the remainder when k is divided by 10.
5
Suppose t - 69 = -11. Calculate the remainder when t is divided by (-1)/(-1 + 0)*15.
13
Suppose 0 = 2*y + y - 12, -2*a + 88 = 5*y. Calculate the remainder when a is divided by 18.
16
Suppose 2*m + 2*m = 16. Suppose 0 = -0*f + 5*f - 175. Let q = m + f. Calculate the remainder when q is divided by 20.
19
Let p = 21 + -18. What is the remainder when 3 is divided by p?
0
Suppose -2*t = 2*t + 16. Calculate the remainder when 19 is divided by (t/3)/((-14)/105).
9
Suppose 8 = -5*x + 63. Let y(n) = n**2 - 9*n + 11. Let m(f) = f**2 - 3*f + 6. Let k be m(4). Calculate the remainder when y(k) is divided by x.
10
Suppose -8*u = -20*u + 276. Calculate the remainder when u is divided by 9.
5
Let m be 4 - 11 - (0 + -1). Let z = m - -16. Suppose -2*p - 2*p = -16. What is the remainder when z is divided by p?
2
Let v(a) = 2*a + 4. Let c be v(-4). Calculate the remainder when (-60)/(-16) - 1/c is divided by 3/(2/4 - -1).
0
What is the remainder when ((-66)/(-15))/((-5)/(-50)) is divided by 15?
14
Let u be 0 - 1 - (9 - 14). Suppose -5*r + 12 = -u*r. Let h = -13 - -18. Calculate the remainder when r is divided by h.
2
Let r = 27 - 14. Calculate the remainder when r is divided by 4.
1
Suppose 0*z - 4*z + 16 = 0. Suppose -2*u + 83 + 57 = 0. Suppose 4*j - 3*p - 40 = 0, -4*j + 4*p = -u + 26. Calculate the remainder when j is divided by z.
3
Let n(g) = 3*g + 25. What is the remainder when 111 is divided by n(-3)?
15
Suppose 0*h - 85 = -h + 2*o, 0 = -3*o. What is the remainder when h is divided by 22?
19
Suppose -o = -1 - 1. Suppose -3*g - o*g = -20. Let f(j) = j + 8. What is the remainder when g is divided by f(-6)?
0
Let h = -8 + 30. Suppose -7*x + 210 = -2*x. What is the remainder when x is divided by h?
20
Let q be ((-12)/(-18))/(2/201). Suppose 2*w - w + 2*n = 23, -3*n = 4*w - q. Let g(z) = -4*z + 13. What is the remainder when g(-9) is divided by w?
10
Let n be 1*2 + (-46)/2. Let q = 34 + n. Let z = -9 + 46. Calculate the remainder when z is divided by q.
11
Suppose 3*b - 5*g - 5 = 0, 0 = -b + 3*g + 2 - 3. Suppose 2 = 2*h, 160 = -b*j + 5*h + 40. Let t = j - -34. Calculate the remainder when t is divided by 4.
3
Suppose -7*b + 60 = -2*b. Let p(g) = 4*g - 7. What is the remainder when p(10) is divided by b?
9
Suppose 0 = 10*j - 15*j - 35. Calculate the remainder when 2/j - 270/(-14) is divided by 10.
9
Let w = -3 - -8. Suppose 0*n + 3*n = -5*v + 40, w*n + v = 52. Suppose 5*r = n, 6*h - 4*r = 3*h + 154. What is the remainder when h is divided by 14?
12
Let s = 3 + -3. Suppose -6*x + 4*x + 46 = s. Suppose 3*w = w + 24. Calculate the remainder when x is divided by w.
11
Let r = 33 - 20. Let o(q) = -q + 7. Let w be o(5). Suppose r = -v + w*v. What is the remainder when 24 is divided by v?
11
Let t(a) = -3*a + 3. Let s(g) = 2*g**2 - 5*g + 3. Calculate the remainder when s(5) is divided by t(-4).
13
Let v(b) = b + 93. What is the remainder when v(0) is divided by 24?
21
Suppose -5*x - 10 = -7*x. Suppose 90 = 4*a - 4*k - 30, 0 = -x*k - 25. Let h = 23 - 14. Calculate the remainder when a is divided by h.
7
Suppose 3*x - 14 = 4*p, 17 = -0*x - x - 3*p. Calculate the remainder when 31 is divided by x + -1 + (19 - -1).
14
Suppose 4*r + 34 = a, 0 = -4*a + r + 3*r + 88. What is the remainder when 30 is divided by a?
12
Let h = 2 - -4. Suppose -16 = -b +